 z(4).
14
Suppose 3*g = -0*y + 2*y - 66, 2*g + 57 = -3*y. What is the remainder when 41 is divided by (16/g)/((-2)/33)?
8
Suppose 3*v + 2*a = 50, 3*a - 1 = 2*v - 43. Calculate the remainder when 70 is divided by v.
16
Suppose -2*d + 14 = -c, -2 = -0*c - c. Let g be ((-1)/4)/((-2)/d). Suppose 103 = 4*n - g. What is the remainder when n is divided by 14?
12
Let x = -35 + 59. Calculate the remainder when 19 is divided by x/(-42) + 32/7.
3
Let w(r) = 4*r - 10. What is the remainder when 22 is divided by w(4)?
4
Suppose -35 - 17 = -2*g. Suppose -4*v = 2*l - 66, v + 0*l + 5*l = 39. Calculate the remainder when g is divided by v.
12
Suppose -2*a + 3*n = -0*a - 32, -2 = n. Suppose -8*x = -3*x - 2*s - 50, -4*s - 36 = -2*x. Calculate the remainder when a is divided by -3 + x - (-2)/1.
6
Let j(g) = 4*g - 5*g - 17*g + 1 - 12*g. Calculate the remainder when j(-1) is divided by 16.
15
Calculate the remainder when (-2)/6 - -37*3/9 is divided by 3.
0
Suppose 0 = -7*t + 6*t. Suppose t = -2*o + 8, -3*p - 50 = -o - 139. What is the remainder when 90 is divided by p?
28
Suppose g = 3*g + 2*f - 4, 0 = 5*f. Calculate the remainder when 20/12*(g + 31) is divided by 14.
13
Let y = 231 + -164. What is the remainder when y is divided by 5?
2
Let s(i) = -i**3 + 4*i**2 + 7*i - 7. Let v be s(5). Suppose c - v - 2 = 0. Calculate the remainder when 19 is divided by c.
4
Let x be (-4)/10 + 51/15. Suppose 5*z = -1 + 236. Suppose 5*c + p = x*p + z, 3*p = c + 1. Calculate the remainder when c is divided by 4.
3
Let t(n) = -n**2 - 9*n + 11. Let p be t(10). Let g = -115 - p. Calculate the remainder when g is divided by 22.
20
Let s = -3 + 4. Calculate the remainder when (-1)/6 - 995/(-30) is divided by s/4 - (-67)/4.
16
Suppose s - 4*a - a + 108 = 0, 0 = 3*s - 5*a + 304. Let i = s + 143. What is the remainder when i is divided by 16?
13
Suppose 0*t - 2*t = 22. Let m = 24 - t. Let y = -17 + m. What is the remainder when 34 is divided by y?
16
Let j = -5 + 7. Suppose 32 + 36 = j*y. Let p = 189 - 177. Calculate the remainder when y is divided by p.
10
Suppose u + 12 = 8*c - 3*c, 5*c + 2*u = 21. Suppose c*x - x = 88. What is the remainder when x is divided by 15?
14
Let a = 37 + -20. Suppose 4*t + 149 = -3*l + 8*l, -58 = -2*l + 2*t. What is the remainder when l is divided by a?
16
Suppose 3*b + 5 = -i + 27, 0 = -2*b + 4. What is the remainder when 47 is divided by i?
15
Let y = 201 + -194. Let u(l) = -21*l**3 + 2*l + 1. What is the remainder when u(-1) is divided by y?
6
Let d = 3 + -5. Let s = 22 - 15. What is the remainder when s is divided by (1*(d - 1))/(-1)?
1
Let x = 0 + 8. Let b = -2 + x. Suppose -r - n + 11 = 0, -2*r - 5*n - 17 = -b*r. What is the remainder when r is divided by 5?
3
Let a = -3 + 4. Let u(k) = 10*k**3 - 2*k**2 + 1. What is the remainder when u(a) is divided by (-2)/(-10) - -57*9/135?
1
Let i(f) = f**2 + f - 2. Let n be i(-3). Suppose 2*p - p = n. Suppose 0 = w - 9 - p. What is the remainder when w is divided by 7?
6
Let z(y) = 32*y**3 - y. Let x be z(-1). Let j = 21 - x. What is the remainder when j is divided by 18?
16
Let y be (-2)/3 - (-14)/3. Suppose -h = -y*h + 63. Calculate the remainder when h is divided by 9 - (0 + -4 + 2).
10
What is the remainder when 45 is divided by 8 + -6*4/(-6)?
9
Let i(c) = -2*c**3 + c**2 + 1. Let o be 2*(-2)/6*3. Suppose 2*z - 2*g = -2*z + 28, -3*g - 2 = -z. Calculate the remainder when i(o) is divided by z.
5
Let q(h) = -h**3 - 6*h**2 + 6*h. Let t(r) = -r**3 - 8*r**2 - r + 4. Calculate the remainder when t(-8) is divided by q(-7).
5
Calculate the remainder when 25 is divided by ((-26)/(-8) + -3)/(1/28).
4
What is the remainder when 53 is divided by (-4732)/(-252) - (32/18 - 2)?
15
Suppose 3*h - 4*h - 5*f = -31, 4*h - 5*f - 74 = 0. Calculate the remainder when h is divided by 8.
5
Let c = 69 + -28. Let d = -20 - -35. Let x = c - d. What is the remainder when x is divided by 7?
5
Let k = -7 + 11. Suppose -5*x = 10, r + k*x - 14 - 9 = 0. Calculate the remainder when r is divided by 8.
7
Suppose 7*b - 110 = 2*b. Calculate the remainder when b is divided by 4.
2
Let x(l) = -l - 2. What is the remainder when 25 is divided by x(-9)?
4
Suppose 0 = -5*a + 390 - 100. Suppose -60 = 4*q - 7*q. Calculate the remainder when a is divided by q.
18
Let w = 43 - 274. What is the remainder when 7*(-11)/(w/90) is divided by 16?
14
Let y = -5 + 5. Suppose -4*d + 9*d + 70 = y. Let k = -2 - d. Calculate the remainder when 35 is divided by k.
11
Suppose 3*d = 30 + 66. Suppose -5*m + m + d = 0. Suppose -2*l = -2*z - 20, 5*z + 20 = l + 2*l. What is the remainder when l is divided by m?
7
Suppose -5*y - 40 = -10*y + 3*q, q + 39 = 4*y. Suppose -4*h + 120 = -8. Calculate the remainder when h is divided by y.
10
Suppose 4*b - 327 = -91. Calculate the remainder when b is divided by 30.
29
Suppose 2*a - 56 - 224 = 0. Suppose 9*i = 4*i + a. Calculate the remainder when i is divided by (1 + -10)*15/(-9).
13
Suppose 7*d = 3*d + 64. Let r(t) = -5*t**3 - 2*t**2 + 2*t + 3. What is the remainder when r(-2) is divided by d?
15
Let p(a) = -a**3 + 21*a**2 + a + 11. Calculate the remainder when 157 is divided by p(21).
29
Suppose 0 = 4*x + 2*q - 22, 4*q = -3*x - 0*q + 9. Let i(h) = 3*h + 3 - 2*h**2 + 3*h**3 - h**3 - 3*h**3. What is the remainder when x is divided by i(-3)?
1
Suppose 2*r - 5*u = 12, -4*r + 2*u + 52 = 6*u. Let j(n) = 24*n - 140. What is the remainder when r is divided by j(6)?
3
Let g = 14 + 81. What is the remainder when g is divided by 25?
20
Suppose -3*r - 4*z = 26, -5*r - 14 - 39 = -3*z. Let m = r - -21. What is the remainder when 42 is divided by m?
9
Suppose d + 3*d - 52 = 0. Let m = 83 + -46. Calculate the remainder when m is divided by d.
11
Let f = -49 - -86. Let i = 3 - 1. Suppose -i*q = -28 + 2. Calculate the remainder when f is divided by q.
11
Suppose 4*r - 30 = -r. Suppose -r*z + 4*z = -6. Suppose -z*l = -0*l - 48. What is the remainder when l is divided by 6?
4
Suppose 0 = -5*w - 3*p + 75, 0*w + 2*p + 2 = w. Suppose -4*u - w = 20. Let i(t) = -2*t - 8. What is the remainder when i(u) is divided by 3?
2
Let h be (1 + 1)/((-4)/(-10)). Let p = h + -1. Suppose 5*i = -p*y + 69, -4*y + 7*i - 4*i + 93 = 0. Calculate the remainder when y is divided by 11.
10
Suppose 2*w = -3*w + 2*f + 267, f - 279 = -5*w. Suppose -v - 46 = -3*u, w + 23 = 5*u - 3*v. What is the remainder when u is divided by 8?
7
Let s(h) = 32*h + 1. Let j = -13 + 27. What is the remainder when s(1) is divided by j + -1 + 1 + 3?
16
Let l be (-3)/3 + 6/2. Suppose -4*g + 5*x + 13 = 0, -x + 5 - l = 0. Suppose 4*s = i + 14, i + i = -2*s + 12. What is the remainder when g is divided by s?
3
Let h be (0 - 1015) + 0/3. Calculate the remainder when h/(-49) - 4/(-14) is divided by 8.
5
Let r(i) = -i - 1. Let s(h) = h**2 + 5*h + 4. Let y = 3 - 0. Let a(m) = y*r(m) + s(m). Calculate the remainder when 7 is divided by a(-3).
3
Suppose -5*k + 130 = -5*w, -2*w + 8 = 2*w. Calculate the remainder when 51 is divided by k.
23
Let q = -16 + 18. What is the remainder when 6 is divided by q?
0
Let p = 7 + 3. Calculate the remainder when 37 is divided by p.
7
Let l(q) be the third derivative of 0*q + 1/3*q**4 - 3*q**2 - 1/3*q**3 + 0. What is the remainder when l(4) is divided by 16?
14
Let b(a) = a**3 - 5*a**2 - a + 1. Calculate the remainder when 60 is divided by b(6).
29
Let d(r) = 4*r**3 + 4*r**2 - 4*r - 1. What is the remainder when d(2) is divided by 11?
6
Let j be ((-9)/(-6))/((-1)/(-50)). Let n = 9 + -6. Calculate the remainder when j/9 - (-3)/(-9) is divided by n.
2
Let c = 29 - -4. What is the remainder when c is divided by 12 + 0*(-4 + (-65)/(-15))?
9
What is the remainder when 75 is divided by 720/(-18)*(-2)/5?
11
Suppose -5*z - 56 = -c, c + 2*z = 4*z + 56. Let o = -22 + c. What is the remainder when o is divided by 9?
7
Suppose 16 = 3*v - 32. Let a(z) = -13*z - 73. What is the remainder when a(-8) is divided by v?
15
Let a = 20 + -4. Let l be 31/6 - 1/6. Suppose -v - 230 = -l*h, 5*v + 2 = -h + 48. What is the remainder when h is divided by a?
14
What is the remainder when 26/(-4)*(-31 + 1) is divided by 49?
48
Suppose 5*u - u = 112. Let m = 18 + -8. Calculate the remainder when u is divided by m.
8
Calculate the remainder when (-4 + -2)/((-2)/27) is divided by 21.
18
Calculate the remain